te u(a).
2
Let w(a) = -a**2 - 8*a - 8. Let v = 758 - 764. What is w(v)?
4
Let x(z) = -1 + 5 - 1 - z - 4. Let g be (-5 + 11/2)*4. Determine x(g).
-3
Let z be 60/36 + (-4)/(-3). Suppose z = 2*d + 17. Let u(x) = x**3 + 8*x**2 + 7*x - 1. Determine u(d).
-1
Let w = -5 + 5. Let j(y) = -y + 6. Let q be j(4). Let v(b) = 56*b**2 - 29*b**q - b - 4 - 28*b**2. Give v(w).
-4
Let f(d) be the third derivative of -d**6/120 + d**5/60 - d**3/6 - 382*d**2. Let t = 6 + -4. Give f(t).
-5
Let u(k) = -25*k - 16*k - 29*k + 67*k + 5. Give u(-5).
20
Let m(j) = -31*j + j**3 + 6 + 10*j - 7*j**2 + 26*j. Determine m(7).
41
Let s(c) = c - 4. Suppose -2*m + 8 = 2*m + i, 4 = -i. Suppose -15 = -3*k, m*w - 5 = -0*k - 4*k. Calculate s(w).
-9
Let q(w) = 6*w**2 - 3*w + 4. Let u(l) = 3*l**2 - l + 2. Let a(y) = 3*q(y) - 7*u(y). Let d(n) = -4*n**2 - 3*n - 2. Let j(m) = -6*a(m) + 5*d(m). Give j(2).
-12
Let d(a) = -a**3 + 5*a**2 - 6*a + 4. Let q be d(4). Let i(h) = -2*h**2 - 4*h - 2. What is i(q)?
-18
Suppose -2*x - 18 = -2*i, -4*i + 3*x = -0*i - 38. Let b(p) = 23 - i - 14 + 2*p. Suppose y + 2*y = 3*o + 18, 4*y = 3*o + 24. What is b(y)?
10
Let l(b) be the first derivative of -b**4/4 + 3*b**3 - 3*b**2/2 - 3*b - 507. Give l(8).
37
Let k(n) = 7*n - 11. Let a(w) = -19*w + 34. Let x(s) = -6*a(s) - 17*k(s). Calculate x(-5).
8
Let r(f) = -f**2 - 6*f + 7. Let u(h) = 3*h**2 + 18*h - 21. Let n(a) = 11*r(a) + 4*u(a). Let b(d) be the first derivative of n(d). What is b(-4)?
-2
Let q(h) = 10 - 28*h - 9*h**3 - h**3 + 7*h + 14*h**2. Let l(k) = -3*k**3 + 5*k**2 - 8*k + 3 + k + 0*k. Let n(r) = -7*l(r) + 2*q(r). Determine n(6).
5
Suppose -3 = -3*j + 9. Let k be (2 + -3)/((-1)/j). Suppose 4*x + x + 16 = -3*l, k*x = -4*l - 8. Let q(b) = -b**2 + 7*b - 2. What is q(l)?
10
Let g(k) = -7 + 0 + 2 - k - 4. Give g(-9).
0
Let s(t) be the first derivative of 0*t - 5/2*t**2 - 18. What is s(1)?
-5
Let l(y) = y**2 + y - 1. Let m be l(-2). Let z be ((-2)/4)/(12/(-120)) - 2. Let j(g) = -g + m - 4*g + z*g - g. Calculate j(1).
-2
Let x(v) be the second derivative of v**6/180 + v**5/120 + 2*v**3 - v. Let f(d) be the second derivative of x(d). Give f(-2).
6
Let i be -1*((-5)/10*-2 - -5). Let a(v) = -v**3 - 7*v**2 - 4*v - 9. Calculate a(i).
-21
Let f = -50 - -55. Let c(k) = -7*k + 13. Let b(g) = 6*g - 12. Let i(x) = 6*b(x) + 5*c(x). Calculate i(f).
-2
Let n(b) be the third derivative of 0*b - b**2 + 1/12*b**4 - 1/6*b**3 + 1/12*b**5 + 0. Let q be (-12)/(-15) + 1/5. Calculate n(q).
6
Let b(o) = -1. Let l(m) = m + 1. Suppose -d - 3*d = 0. Let r = -1 - d. Let x(v) = r*b(v) - 2*l(v). Calculate x(-2).
3
Let a(m) = m**3 + 5*m**2 + 2*m + 2. Let h(r) = -5*r - 89. Let s be h(-17). Calculate a(s).
10
Let d be (-252)/66 + -3 + (-62)/(-22). Let h(b) = -b**3 - 6*b**2 - 4*b + 5. Calculate h(d).
-11
Let u(s) = -7*s**2 - s - 1. Let j be 10/35 - (-4)/(-14). Suppose r - 2*r + 3 = j. Let w be 4 - r*15/9. Give u(w).
-7
Let g(n) = -n**3 - 7*n**2 - 8*n - 7. Let t(o) = o**2 + o + 1. Let k be 44/33*9/2. Let a(r) = k*t(r) + g(r). What is a(-1)?
1
Suppose -2*x + 9*u + 16 = 11*u, 0 = -5*u. Let b(g) = g**2 - 8*g - 9. Calculate b(x).
-9
Suppose 4*s - 25*m = -23*m + 18, s - 3*m = 17. Suppose n + 16 = 4*r, -30 = -2*r - 0*r - 5*n. Let k(j) = 2*j - r - j**3 + 1 + 2. What is k(s)?
-6
Let o(k) be the first derivative of -3*k**2/2 + 2*k + 327. What is o(-6)?
20
Let c(j) = 6*j + 12. Let q(t) = t**2 - 14*t - 125. Let p be q(20). Determine c(p).
-18
Let x(t) = 2*t**2 + t - 33. Let i be x(-4). Let u(g) = g**2 + 3*g. Let j(c) = -c**2 - 2*c + 1. Let m(w) = -3*j(w) - 4*u(w). Calculate m(i).
2
Let d(j) = -17 - 129*j - 137*j + 267*j. What is d(0)?
-17
Suppose 127*o - 43*o + 576 = -96. Let r(c) be the first derivative of c**2 + 10*c + 1. What is r(o)?
-6
Suppose -i + 2 + 3 = 0. Suppose -25 = -i*c - 5*o, 17 = -2*c + 2*o + 7. Let u(k) = -27 + 7*k**2 + 31 + 4*k - 3*k - 3*k**2 - 5*k**2. Calculate u(c).
4
Let n(l) = -l**3 + l**2 - 4*l + 3. Let c(z) = z**2 + 2*z - 12. Let s(f) = -f**2 - f + 12. Let w(m) = 4*c(m) + 3*s(m). Let q be w(-7). Calculate n(q).
-9
Let t be 0/2 - 7*-1. Let n(k) = -k**2 + 12*k + 5. Let u(l) = 3*l + 1. Let g(q) = n(q) - 2*u(q). Calculate g(t).
-4
Suppose 18 = 2*n - 58. Let b(z) = -6*z + 61 - z**2 - 32 - n. Calculate b(-6).
-9
Let z(d) be the third derivative of 13*d**4/24 - d**3/2 + 6*d**2 - 7*d. Give z(-1).
-16
Let w be ((-3)/2)/(1/(-2)). Suppose 2*s - 15 = -w*s. Let c(m) = m + 0*m + 3*m + 1 - s*m. What is c(-6)?
-5
Let q = 10 - 20. Let i = q - -12. Let o(d) = d**3 + 6*d**2 + 0*d**2 - d**2 - 2*d - 4*d**i. Give o(-2).
0
Let f(d) be the second derivative of -d**5/20 - 5*d**4/6 - d**3/3 - 15*d**2/2 - 12*d - 2. Let l(n) = n + 1. Let j be l(-11). Calculate f(j).
5
Let r = -4 + 1. Suppose 5200 = 5*y - 4*i, 4*i - 5477 = -5*y - 317. Let h(a) = 1036 + a**3 + 3*a**2 - y + 3*a. Calculate h(r).
-9
Let o(x) = -6614*x**3 + x**2 - 2*x**2 - 6*x**2 + 6613*x**3 + 6*x - 11. Let i(l) = l**2 - 8*l + 4. Let g be i(6). Give o(g).
5
Let o(h) = h**2 + 2*h + 3. Let y = 0 + 4. Suppose 3*m - 21 = 3*x, -x - y = m - 5. Let d = m - 6. Give o(d).
3
Let p(x) = -x**2 + 3. Suppose 47*o - 31*o - 80 = 0. Determine p(o).
-22
Let q(s) = s**2 - 26. Let k = -390 + 390. What is q(k)?
-26
Suppose 14 = 2*z + 3*i, 0*z + z = 3*i - 2. Let k(w) be the first derivative of 2*w**2 - 3*w - 3703. Give k(z).
13
Let a = -167 + 169. Let j(g) = g**3 - 3*g**2 + g + 4. Calculate j(a).
2
Let d(j) = 7*j**3 + 2 + 2 - 5 + 6 - j + 3*j**2. Let a(c) = 3*c**3 + c**2 + 2. Let l(p) = 4*p + 3. Let i be l(-3). Let h(b) = i*a(b) + 4*d(b). What is h(-4)?
2
Let q(s) be the third derivative of -s**5/20 + s**4/3 - 11*s**3/6 - 99*s**2 - s. Give q(3).
-14
Suppose b = -2*k + 12, 18 = -2*b + 7*b - 4*k. Let p(i) = i**2 - 8*i - 5. Give p(b).
-17
Let s(u) = 14*u**2 + 11 + 14*u - 6*u**2 - 3*u**2 - 4*u**2 + 0*u. Give s(-13).
-2
Let t(v) = v**3 - 5*v**2 + v - 6. Suppose -4 = q - 2, -3*l - 40 = 2*q. Let j = l + 18. Let w = j + -1. Determine t(w).
-1
Let m(s) = s**3 + 4*s**2 + 2*s - 5. Suppose -7*z - 2 - 19 = 0. Let v be m(z). Let g(b) = 3*b**3 + 3*b**2 + b + 1. Calculate g(v).
-13
Let j(r) be the third derivative of r**5/12 - r**4/24 + r**3/6 - 166*r**2. Determine j(-2).
23
Let x(l) = 7*l + 2. Suppose -3*i - 4*s = 8, -16 = 3*i - 3*s - s. Give x(i).
-26
Let t(o) be the first derivative of o**5/60 - o**4/4 + o**3/3 + o**2 - 16. Let b(p) be the second derivative of t(p). Give b(5).
-3
Let w(p) = -8*p + 193. Let a(g) = 7*g - 128. Let u(v) = 8*a(v) + 5*w(v). Calculate u(4).
5
Suppose -4 = -o, 3*f - o + 25 - 15 = 0. Let b(t) = -t**2 + 11*t + 6. Let u(x) = x**2 - 6*x - 3. Let g(r) = -3*b(r) - 5*u(r). Give g(f).
-5
Let p(o) = o**3 + 9*o**2 - 10*o. Let r = 898 - 908. Calculate p(r).
0
Let p(b) be the first derivative of -b**7/140 - b**6/360 + b**5/120 - 2*b**3/3 + 2. Let o(r) be the third derivative of p(r). Let z = 21 - 20. What is o(z)?
-6
Let j = -22 - -27. Let r(x) = x**2 - 2*x**2 - 19*x**3 + 1 - 2*x + 18*x**3 - j*x**2. Calculate r(-5).
-14
Let c = 10 + 7. Suppose -95 = 13*o - c. Let d(v) be the first derivative of -v**3/3 - 4*v**2 - 5*v + 1. What is d(o)?
7
Let j(f) = f**3 - 10*f**2 + 10*f - 3. Let m be j(9). Suppose 5*o = -m - 4. Let x(y) = -y**3 - y**2 + y - 2. Calculate x(o).
0
Let f = -27 + 212. Let v(a) = a + 190 - 2*a - f. What is v(3)?
2
Let o = 3 + -6. Let p be 1 - 2 - (o - 3). Let n(c) be the second derivative of c**3/2 - c**2/2 - 72*c. Determine n(p).
14
Let k(z) = -z**2 - 15*z - 26. Let t(u) = 4*u + 155. Let v be t(-42). What is k(v)?
0
Let k(l) = -l**3 + 4*l**2 - 2*l - 2. Let b = 132 - 129. Calculate k(b).
1
Let n(y) = -2*y + y**3 - y**3 - 3*y**3 - 1 - y**2. Let t(s) = 21 + 6 + 25 - 29 - 6*s. Let w be t(4). What is n(w)?
3
Let b be (32/6)/(2/(-9)). Let a = b - -22. Let d = 1 + a. Let c(j) = 3*j + 1. What is c(d)?
-2
Let u(y) = -2*y**3 + 41*y + 39*y - 3*y**2 - 81*y - 1. Suppose 31 = 3*q + 7. Suppose 0 = 4*j + q - 0. Calculate u(j).
5
Let n(r) = 5*r**2 - 5*r + 14. Let g(c) = 14*c**2 - 14*c + 41. Let q(o) = 6*g(o) - 17*n(o). Let t = 2 + -2. What is q(t)?
8
Suppose -3*b = -22 - 2. Let y = b + -11. Let q(h) be the first derivative of 2*h**3/3 + 5*h**2/2 + 3*h - 222. What is q(y)?
6
Let a(p) = p**3 - p**2 - 2*p - 2. Suppose 3*o - 4*o = -2*i, i + 11 = -5*o. What is a(o)?
-10
Let m(p) = -2*p**3 + p**2 + p - 1. Let d be (-2)/8 + 98/(